{"id":1619,"date":"2020-11-25T17:41:09","date_gmt":"2020-11-25T16:41:09","guid":{"rendered":"http:\/\/awt-betonwerk.de\/wp_1\/?page_id=1619"},"modified":"2021-12-16T09:47:20","modified_gmt":"2021-12-16T08:47:20","slug":"beton-und-stahlbauer-in","status":"publish","type":"page","link":"https:\/\/awt-betonwerk.de\/?page_id=1619","title":{"rendered":"Beton- und Stahlbetonbauer*in"},"content":{"rendered":"<div class=\"brz-root__container brz-reset-all\">\n<section data-uid=\"jpagdhiocebguokeojkiotnrlfpjmzqehkpx\" id=\"jpagdhiocebguokeojkiotnrlfpjmzqehkpx\" class=\"brz-section brz-css-wgzja\">\n<div class=\"brz-section__content brz-section--boxed brz-css-gvyjz\" data-custom-id=\"duzphcsseglgjpakfkawzjidllomocnqlcrj\">\n<div class=\"brz-container brz-css-ahflj\">\n<div class=\"brz-css-nodgd brz-wrapper\">\n<div class=\"brz-rich-text brz-css-szder\" data-custom-id=\"xswdsznohdsfoavbplltdqvfpsniszgvwvdt\">\n<div>\n<p class=\"brz-css-qwrac\"><span class=\"brz-cp-color1\">Beton- und Stahlbetonbauer*in<\/span><\/p>\n<\/div>\n<\/div>\n<\/div>\n<div class=\"brz-css-nodgd brz-css-jocfc brz-wrapper\">\n<div class=\"brz-line brz-css-mpcpt brz-css-zshtt\" data-custom-id=\"ybjnsaamsqggkscozdcpniiqfunjukzklcwh\">\n<hr class=\"brz-hr\" \/><\/div>\n<\/div>\n<div class=\"brz-css-nodgd brz-wrapper\">\n<div class=\"brz-rich-text brz-css-szder\" data-custom-id=\"iicqdpguoknanpxdazijzeeajmspqjhvkivr\">\n<div>\n<p class=\"brz-css-omotw\"><span class=\"brz-cp-color2\">Wir suchen Beton- und Stahlbetonbauer*innen f\u00fcr die Herstellung von Betonschachtteilen zum sofortigen Beginn im AWT Betonwerk GmbH in Niederrei\u00dfen. In unserem Unternehmen stellen wir Schachtfertigteile f\u00fcr den Tiefbau industriell her.<\/span><\/p>\n<p class=\"brz-css-gdkeb\"><\/p>\n<p class=\"brz-css-aacjx\"><span class=\"brz-cp-color2\">Zum Aufgabengebiet geh\u00f6ren die termingerechte Fertigstellung von Fertigteilen und Schachtbauwerken sowie der Einsatz von Einbauteilen bzw. Aussparungen und die anschlie\u00dfende Betonierung.<\/span><\/p>\n<\/div>\n<\/div>\n<\/div>\n<div class=\"brz-css-nodgd brz-css-riaux brz-wrapper\">\n<div class=\"brz-rich-text brz-css-szder\" data-custom-id=\"ttcllbvxtadveyugilzszizwyzeeymuvaull\">\n<div>\n<p class=\"brz-css-dilji\"><strong class=\"brz-cp-color1\">Ihr Profil:<\/strong><\/p>\n<ul>\n<li class=\"brz-css-ckpvs\"><span class=\"brz-cp-color2\">Abgeschlossene Ausbildung als Beton- und Stahlbetonbauer bzw. vergleichbare Ausbildung<\/span><\/li>\n<li class=\"brz-css-lrlzk\"><span class=\"brz-cp-color2\">Gutes technisches Verst\u00e4ndnis und handwerkliches Geschick<\/span><\/li>\n<li class=\"brz-css-ooyjo\"><span class=\"brz-cp-color2\">Engagierte, zuverl\u00e4ssige und selbstst\u00e4ndige Arbeitsweise<\/span><\/li>\n<li class=\"brz-css-cdxvo\"><span class=\"brz-cp-color2\">Dynamik und Belastbarkeit<\/span><\/li>\n<li class=\"brz-css-jiqhx\"><span class=\"brz-cp-color2\">Team- und Kommunikationsf\u00e4higkeit<\/span><\/li>\n<li class=\"brz-css-jdzip\"><span class=\"brz-cp-color2\">Flexibilit\u00e4t<\/span><\/li>\n<\/ul>\n<p class=\"brz-css-vcfnc\"><\/p>\n<p class=\"brz-css-ffuvc\"><strong class=\"brz-cp-color1\">Wir bieten:<\/strong><\/p>\n<ul>\n<li class=\"brz-css-ayfzs\"><span class=\"brz-cp-color2\">Eine Vollzeitstelle mit langfristiger Perspektive<\/span><\/li>\n<li class=\"brz-css-kcnrr\"><span class=\"brz-cp-color2\">Eine leistungsgerechte Verg\u00fctung<\/span><\/li>\n<li class=\"brz-css-cfkmh\"><span class=\"brz-cp-color2\">Ein abwechslungsreiches Aufgabengebiet mit viel Eigenverantwortung<\/span><\/li>\n<li class=\"brz-css-eqbea\"><span class=\"brz-cp-color2\">Weiterbildungsm\u00f6glichkeiten<\/span><span style=\"color: rgb(28, 28, 28); background-color: initial;\"> <\/span><\/li>\n<\/ul>\n<\/div>\n<\/div>\n<\/div>\n<div class=\"brz-css-nodgd brz-wrapper\">\n<div class=\"brz-rich-text brz-css-szder\" data-custom-id=\"usxmfchjvabsavagcqzpbymsdukanbehmkct\">\n<div>\n<p class=\"brz-css-qynxa\"><span class=\"brz-cp-color2\">Sie sind interessiert? Bewerbung mit Anschreiben und Lebenslauf senden Sie bitte an die unten angegebene Adresse. Ansprechpartner ist Herr Florian G\u00f6pel.<\/span><\/p>\n<p class=\"brz-css-triat\"><\/p>\n<p class=\"brz-css-xfztb\"><span class=\"brz-cp-color2\">Bei R\u00fcckfragen erreichen Sie uns unter der Festnetznummer 036373-97820 oder Mobil unter 0175-9344777.<\/span><\/p>\n<p class=\"brz-css-ktzpu\"><\/p>\n<p class=\"brz-css-cwebp\"><span class=\"brz-cp-color2\">Wir freuen uns auf Ihre Bewerbung!<\/span><\/p>\n<p class=\"brz-css-glxjw\"><span class=\"brz-cp-color2\"> <\/span><\/p>\n<p class=\"brz-css-fbvyz\"><span class=\"brz-cp-color2\">Ihr Team vom AWT Betonwerk<\/span><\/p>\n<p class=\"brz-css-zlrez\"><\/p>\n<p class=\"brz-css-gvkpr\"><\/p>\n<p class=\"brz-css-ozxfk\"><\/p>\n<p class=\"brz-css-ejrwl\"><span class=\"brz-cp-color2\">AWT Betonwerk GmbH<\/span><\/p>\n<p class=\"brz-css-femwe\"><span class=\"brz-cp-color2\">Unter dem Lohfelde 1<\/span><\/p>\n<p class=\"brz-css-kydex\"><span class=\"brz-cp-color2\">99510 Ilmtal-Weinstra\u00dfe<\/span><\/p>\n<p class=\"brz-css-henjh\"><span class=\"brz-cp-color2\">OT-Niederrei\u00dfen<\/span><\/p>\n<\/div>\n<\/div>\n<\/div>\n<\/div>\n<\/div>\n<\/section>\n<\/div>\n<p><!-- version:1643393217 --><\/p>\n","protected":false},"excerpt":{"rendered":"<p>Beton- und Stahlbetonbauer*in Wir suchen Beton- und Stahlbetonbauer*innen f\u00fcr die Herstellung von Betonschachtteilen zum sofortigen Beginn im AWT Betonwerk GmbH in Niederrei\u00dfen. In unserem Unternehmen stellen wir Schachtfertigteile f\u00fcr den Tiefbau industriell her. Zum Aufgabengebiet geh\u00f6ren die termingerechte Fertigstellung von Fertigteilen und Schachtbauwerken sowie der Einsatz von Einbauteilen bzw. Aussparungen und die anschlie\u00dfende Betonierung. Ihr &hellip; <\/p>\n<p class=\"link-more\"><a href=\"https:\/\/awt-betonwerk.de\/?page_id=1619\" class=\"more-link\"><span class=\"screen-reader-text\">\u201eBeton- und Stahlbetonbauer*in\u201c<\/span> weiterlesen<\/a><\/p>\n","protected":false},"author":1,"featured_media":0,"parent":0,"menu_order":0,"comment_status":"closed","ping_status":"closed","template":"brizy-blank-template.php","meta":{"inline_featured_image":false},"_links":{"self":[{"href":"https:\/\/awt-betonwerk.de\/index.php?rest_route=\/wp\/v2\/pages\/1619"}],"collection":[{"href":"https:\/\/awt-betonwerk.de\/index.php?rest_route=\/wp\/v2\/pages"}],"about":[{"href":"https:\/\/awt-betonwerk.de\/index.php?rest_route=\/wp\/v2\/types\/page"}],"author":[{"embeddable":true,"href":"https:\/\/awt-betonwerk.de\/index.php?rest_route=\/wp\/v2\/users\/1"}],"replies":[{"embeddable":true,"href":"https:\/\/awt-betonwerk.de\/index.php?rest_route=%2Fwp%2Fv2%2Fcomments&post=1619"}],"version-history":[{"count":9,"href":"https:\/\/awt-betonwerk.de\/index.php?rest_route=\/wp\/v2\/pages\/1619\/revisions"}],"predecessor-version":[{"id":2705,"href":"https:\/\/awt-betonwerk.de\/index.php?rest_route=\/wp\/v2\/pages\/1619\/revisions\/2705"}],"wp:attachment":[{"href":"https:\/\/awt-betonwerk.de\/index.php?rest_route=%2Fwp%2Fv2%2Fmedia&parent=1619"}],"curies":[{"name":"wp","href":"https:\/\/api.w.org\/{rel}","templated":true}]}}